1. Let p be a(-1). What is the greatest common divisor of m and p?
46
Let p = 359 - 187. Let r = -76 + p. Calculate the highest common factor of r and 48.
48
Let o(t) = 158*t - 3469. Let h be o(32). Calculate the highest common divisor of h and 3.
3
Suppose -2038*d = -2052*d + 184072. What is the greatest common factor of d and 152?
76
Suppose -14907 = -9*k + 2*k - 2076. Calculate the greatest common divisor of 39 and k.
39
Let z = -83 - -92. Let x be 2*z/18*(2 - 0). Let a be ((-9)/(-18))/(x/(-4)) - -17. Calculate the greatest common divisor of a and 2.
2
Suppose 0 = -2*q - z + 5300, -247*q + 251*q - 10600 = -4*z. Calculate the greatest common divisor of q and 200.
50
Let u(y) = -30*y - 814. Let q be u(-28). Let k be -3*((-2)/1 - 0). What is the greatest common divisor of q and k?
2
Let h be ((-20)/2)/(-2*1/(-7)). Let s = h - -45. Let l be ((-48)/s)/((-8)/60). What is the highest common factor of l and 12?
12
Let h(k) = -k**2 + 10*k - 38. Let l be h(14). Let d be (3 + l - -1)*-1. What is the greatest common divisor of 20 and d?
10
Let q = -13769 - -14039. What is the greatest common factor of q and 790?
10
Suppose 515 = v - 1185. Calculate the highest common divisor of v and 476.
68
Suppose 0 = -87*x + 77*x + 17801 + 65629. What is the greatest common divisor of x and 103?
103
Suppose 39*y + 62566 = 187990. Calculate the greatest common factor of 48 and y.
48
Let p be (-120 - 15) + (-3)/((-6)/(-4)). Let j = p + 169. What is the greatest common factor of j and 48?
16
Let p be (-29 + 11 - -9)/(6/(-26)). What is the highest common factor of p and 2613?
39
Let k be (-6)/39 + 108/26. Let i = k + 2. Let p be i + 6/(-2) - -9. What is the greatest common divisor of p and 6?
6
Let j(l) = 2*l**2 + l + 29. Let i be j(-5). Suppose 1344 = 4*r + 4*q, -5*r = -3*q + 4*q - 1668. Calculate the greatest common factor of i and r.
37
Suppose -4*d + 183 - 178 = 5*h, -3*h = -5*d - 40. Calculate the highest common divisor of h and 1020.
5
Suppose 23 = 2*w - 1. Let d(c) = -2*c - 48. Suppose 20*l - 45 = 21*l. Let v be d(l). What is the highest common divisor of v and w?
6
Suppose -39290 - 96 = -47*h. Calculate the greatest common factor of 10 and h.
2
Suppose -4*s + 107 = -373*g + 374*g, -g + 29 = s. What is the highest common divisor of s and 142?
2
Suppose 20*i = 5*t + 21*i - 107590, 0 = 3*i + 15. What is the greatest common divisor of 27 and t?
27
Let p(c) = 30*c**2 - 12*c + 8. Let v be p(2). Let k = 286 + v. What is the greatest common factor of k and 30?
30
Let f be 14*1/1*1. Let v be 24/(-8) + 5 - (-38)/1. Suppose 4*t = -4*m + 188 - v, -m = -2*t - 31. What is the greatest common divisor of m and f?
7
Let u be (-21182)/(-89) + (9 - 7)*(-14)/4. What is the greatest common divisor of u and 55?
11
Let s(t) = -t**3 + 10*t**2 - 9*t + 10. Let g be s(9). Suppose -23*y + 889 = 45*y - 1151. Calculate the greatest common divisor of g and y.
10
Suppose 11*k - 102400 = -0*k - 2*z, -k - 3*z = -9326. Calculate the highest common factor of k and 13.
13
Suppose 8*c - 234 = -c. Let u(r) = 35*r**2 + 0 - 3*r + 69*r**2 - 2 + 25*r**2. Let i be u(-1). What is the greatest common factor of i and c?
26
Suppose -n = n + 46. Let k = n - -31. Suppose -2*i - 2 = -k. What is the highest common factor of 3 and i?
3
Suppose 16 = 4*c, -3*l + 4*c = -179 + 1392. Let d = l + 454. What is the greatest common factor of d and 66?
11
Suppose -2*m + 711*q - 710*q + 700 = 0, -4*m = -5*q - 1388. Let p = 40 - -26. What is the greatest common divisor of m and p?
22
Let g = 29163 - 28675. Calculate the greatest common divisor of 10980 and g.
244
Let j = 18260 + -18040. What is the greatest common factor of 935 and j?
55
Let p = -36 + 33. Let f(r) = 10*r**2 - 2*r. Let t be f(p). Let g = 174 - t. What is the highest common factor of 26 and g?
26
Let c be (480/(-112))/((-6)/98). What is the highest common divisor of c and 2975?
35
Suppose 2*v - v - 384 = 0. Let g(h) = -25*h + 91. Let n be g(3). Calculate the highest common factor of n and v.
16
Let l = 435578 - 435474. Let a = 1672 - 1152. What is the greatest common divisor of l and a?
104
Let r = -391 - -394. Suppose 0 = -r*j - 2*h + 605, 5*h + 12 - 2 = 0. Calculate the highest common factor of 7 and j.
7
Let k(c) = 264*c**3 - c**2 + 21*c - 34. Let i be k(2). What is the highest common factor of 368 and i?
92
Suppose 4*h + r = -2*r + 18, -17 = -3*h - 4*r. Let t be 265/(3 - -2) - h. Let k = 68 - t. Calculate the highest common factor of 144 and k.
18
Let c(h) = -28*h + 1071. Let j be c(7). What is the greatest common factor of j and 7?
7
Suppose -d + 4*b = -0*d - 14, -3 = b. Let k be 120/d*(-18 - -19). Calculate the highest common factor of k and 200.
20
Let w be 296/6 + (178/(-1513))/((-3)/17). Let y = 5 - -5. Suppose 9*c - 4*c = -u + y, -u + 16 = 3*c. Calculate the highest common factor of w and u.
25
Suppose -6*b = -4*b - 10. Suppose 2*q + j + 1 = b, -5*j = -q + 2. Suppose q*u - u = -4*r - 9, 2*r - 12 = -2*u. What is the highest common factor of 1 and u?
1
Let t be (7/1)/(0 - -1). Suppose -t*w = -4*w - 9. Suppose 5*y + 2*p - 3*p = 53, w*p = 6. What is the highest common divisor of 33 and y?
11
Let i = 430 + -426. Suppose 4*p - 3*o - 71 = 0, -i*p + 5*o + 26 + 55 = 0. Let l be 339/((-9)/(-3)) + -1. What is the highest common factor of l and p?
14
Suppose -5*k - 6*b = -103596, 4*b = -5*k + 3344 + 100260. What is the highest common factor of k and 66?
66
Let h be 12*(14 - ((-5)/(-10))/(5/60)). Calculate the greatest common factor of h and 3984.
48
Suppose -5*v - 22*a + 1316 = -18*a, -529 = -2*v + a. Calculate the highest common factor of 24 and v.
24
Let i = -10804 - -17527. Calculate the highest common factor of 83 and i.
83
Let r(l) = 20*l - 1. Let u be r(1). Let p be 453 - (-8 - -9) - 0. Let z = p - 281. Calculate the highest common divisor of u and z.
19
Suppose 3*m - 1557 = -0*m. Let r(x) = 19 + 2 - m*x + 518*x. Let o be r(-6). What is the highest common factor of 9 and o?
9
Let n be (35/(-350))/(2/(-8)) + 2244/15. Calculate the highest common factor of 2130 and n.
30
Suppose 0 = 3*a - a - 3*a. Let i be (495/22)/((-2 + a)/(-8)). Calculate the highest common factor of i and 10.
10
Let i be (14/(-12))/(84/(-504)). Suppose -2*t + 180 = i*t. Let d = 219 + -129. Calculate the highest common factor of d and t.
10
Let z(x) be the third derivative of x**6/120 + x**5/5 + 10*x**3/3 + 6*x**2 - 12. Let q be z(-12). What is the highest common divisor of 920 and q?
20
Let m(l) = 2*l**2 - 18*l + 26. Let v(n) = n**2 - 8*n + 5. Let t be v(5). Let i be m(t). What is the greatest common factor of 116 and i?
58
Suppose 123*d - 942 = 120*d. Let y = d + -249. Calculate the greatest common factor of 5 and y.
5
Let s = -4150 + 4346. What is the highest common factor of s and 29792?
196
Suppose -4*b = v - 10047, -v = -5*b + 7344 + 5235. What is the greatest common factor of 15 and b?
3
Let l be (20 - (41 + 24)) + 237. Let b = -212 + 340. What is the highest common factor of b and l?
64
Suppose -66 = -2*u + 4*z, 2*z - 64 + 77 = -3*u. Let h be 8/(-6)*(-282)/4. Let q = -29 + h. What is the greatest common divisor of q and u?
5
Let u(s) = -9*s + 291. Let x(g) = 57*g + 314. Let r be x(-5). Let t be u(r). What is the highest common divisor of 440 and t?
10
Let s = 43 + -38. Let p be (-4 - -1) + s + 5 + -4. Suppose -3*b - 262 = -7*b - 2*v, -p = -3*v. What is the highest common divisor of b and 26?
13
Let x = 1145 - 397. Suppose 6*p = 23*p - x. What is the highest common factor of 440 and p?
44
Let s be 6775/125 + 3/(-15). Calculate the highest common divisor of s and 5886.
54
Let s = -270 + 1492. Calculate the greatest common divisor of s and 234.
26
Let w = 40 + -37. Let q(j) be the second derivative of -7*j**3/6 + j**2/2 - 9*j. Let c be q(-2). What is the highest common divisor of c and w?
3
Let j be 32/(-48) - 4/(-6). Suppose j = 19*p - 9*p - 20. Suppose -2*k + n + n + 56 = 0, p*k = 5*n + 56. What is the highest common factor of 98 and k?
14
Let d = 3208 + -2958. Calculate the greatest common divisor of d and 115.
5
Let w = -95 + 107. Let s be w/7 - 6/(-21). Suppose s*b = 6, 55 = 3*a + 2*b + 22. Calculate the greatest common divisor of 45 and a.
9
Suppose 8*p + 327 = 5*n, n = 116*p - 118*p + 87. Let f be 9*(140/(-3))/(-2). Calculate the highest common factor of f and n.
15
Suppos